{"id":27,"date":"2025-03-01T11:08:27","date_gmt":"2025-03-01T11:08:27","guid":{"rendered":"https:\/\/loving-bell.157-90-90-227.plesk.page\/?page_id=27"},"modified":"2025-03-11T09:41:20","modified_gmt":"2025-03-11T09:41:20","slug":"camere","status":"publish","type":"page","link":"https:\/\/hotelminervacaorle.com\/index.php\/camere\/","title":{"rendered":"Camere"},"content":{"rendered":"\n<div style=\"height:50px\" aria-hidden=\"true\" class=\"wp-block-spacer\"><\/div>\n\n\n\n<h2 class=\"wp-block-heading\"><strong>Camere da sogno per un riposo rigenerante a Caorle.<\/strong><\/h2>\n\n\n\n<p>All&#8217;Hotel Regina, la tua tranquillit\u00e0 \u00e8 la nostra priorit\u00e0. Le nostre camere, ampie e luminose, offrono un&#8217;oasi di comfort e relax. Letti comodi, ambienti curati e tutti i comfort necessari per un soggiorno indimenticabile.<\/p>\n\n\n\n<p>Dormi sonni tranquilli e risvegliati ogni mattina sentendoti fresco e riposato, pronto per una nuova giornata di sole e divertimento.&#8221;<\/p>\n\n\n\n<div style=\"height:63px\" aria-hidden=\"true\" class=\"wp-block-spacer\"><\/div>\n\n\n\n<div class=\"wp-block-query is-layout-flow wp-block-query-is-layout-flow\"><ul class=\"wp-block-post-template is-layout-flow wp-block-post-template-is-layout-flow\"><li class=\"wp-block-post post-99 post type-post status-publish format-standard has-post-thumbnail hentry category-camere\">\n\n<div class=\"wp-block-columns alignwide is-layout-flex wp-container-core-columns-is-layout-28f84493 wp-block-columns-is-layout-flex\">\n<div class=\"wp-block-column is-layout-flow wp-block-column-is-layout-flow\" style=\"flex-basis:66.66%\"><figure class=\"wp-block-post-featured-image\"><a href=\"https:\/\/hotelminervacaorle.com\/index.php\/2025\/03\/03\/family-x4-economy\/\" target=\"_self\"  ><img loading=\"lazy\" decoding=\"async\" width=\"1024\" height=\"576\" src=\"https:\/\/hotelminervacaorle.com\/wp-content\/uploads\/2025\/03\/stanza1.jpg\" class=\"attachment-post-thumbnail size-post-thumbnail wp-post-image\" alt=\"Family x4\" style=\"object-fit:cover;\" srcset=\"https:\/\/hotelminervacaorle.com\/wp-content\/uploads\/2025\/03\/stanza1.jpg 1024w, https:\/\/hotelminervacaorle.com\/wp-content\/uploads\/2025\/03\/stanza1-300x169.jpg 300w, https:\/\/hotelminervacaorle.com\/wp-content\/uploads\/2025\/03\/stanza1-768x432.jpg 768w\" sizes=\"auto, (max-width: 1024px) 100vw, 1024px\" \/><\/a><\/figure><\/div>\n\n\n\n<div class=\"wp-block-column is-layout-flow wp-block-column-is-layout-flow\" style=\"flex-basis:33.33%\"><h2 class=\"wp-block-post-title\"><a href=\"https:\/\/hotelminervacaorle.com\/index.php\/2025\/03\/03\/family-x4-economy\/\" target=\"_self\" >Family x4<\/a><\/h2>\n\n<div class=\"wp-block-post-excerpt\"><p class=\"wp-block-post-excerpt__excerpt\">Family x4 Questa spaziosa camera da letto \u00e8 perfetta per una famiglia di quattro persone, con un ampio letto matrimoniale e letto a castello. L&#8217;arredamento \u00e8 moderno e luminoso, con mobili in legno chiaro e tessuti colorati. La stanza dispone di ampie finestre che offrono una vista rilassante sul paesaggio circostante. L&#8217;atmosfera \u00e8 accogliente e&hellip; <\/p><\/div><\/div>\n<\/div>\n\n<\/li><li class=\"wp-block-post post-96 post type-post status-publish format-standard has-post-thumbnail hentry category-camere\">\n\n<div class=\"wp-block-columns alignwide is-layout-flex wp-container-core-columns-is-layout-28f84493 wp-block-columns-is-layout-flex\">\n<div class=\"wp-block-column is-layout-flow wp-block-column-is-layout-flow\" style=\"flex-basis:66.66%\"><figure class=\"wp-block-post-featured-image\"><a href=\"https:\/\/hotelminervacaorle.com\/index.php\/2025\/03\/03\/family-x3-economy\/\" target=\"_self\"  ><img loading=\"lazy\" decoding=\"async\" width=\"1024\" height=\"576\" src=\"https:\/\/hotelminervacaorle.com\/wp-content\/uploads\/2025\/03\/stanza2.jpg\" class=\"attachment-post-thumbnail size-post-thumbnail wp-post-image\" alt=\"Tripla Classic\" style=\"object-fit:cover;\" srcset=\"https:\/\/hotelminervacaorle.com\/wp-content\/uploads\/2025\/03\/stanza2.jpg 1024w, https:\/\/hotelminervacaorle.com\/wp-content\/uploads\/2025\/03\/stanza2-300x169.jpg 300w, https:\/\/hotelminervacaorle.com\/wp-content\/uploads\/2025\/03\/stanza2-768x432.jpg 768w\" sizes=\"auto, (max-width: 1024px) 100vw, 1024px\" \/><\/a><\/figure><\/div>\n\n\n\n<div class=\"wp-block-column is-layout-flow wp-block-column-is-layout-flow\" style=\"flex-basis:33.33%\"><h2 class=\"wp-block-post-title\"><a href=\"https:\/\/hotelminervacaorle.com\/index.php\/2025\/03\/03\/family-x3-economy\/\" target=\"_self\" >Tripla Classic<\/a><\/h2>\n\n<div class=\"wp-block-post-excerpt\"><p class=\"wp-block-post-excerpt__excerpt\">Tripla Classic Servizi Hotel I nostri servizi inclusi Tutto ci\u00f2 di cui hai bisogno, incluso nel prezzo Colazione inclusa Cane ammesso Spiaggia convenzionata Parcheggio incluso Biciclette incluse Galleria camera <\/p><\/div><\/div>\n<\/div>\n\n<\/li><li class=\"wp-block-post post-93 post type-post status-publish format-standard has-post-thumbnail hentry category-camere\">\n\n<div class=\"wp-block-columns alignwide is-layout-flex wp-container-core-columns-is-layout-28f84493 wp-block-columns-is-layout-flex\">\n<div class=\"wp-block-column is-layout-flow wp-block-column-is-layout-flow\" style=\"flex-basis:66.66%\"><figure class=\"wp-block-post-featured-image\"><a href=\"https:\/\/hotelminervacaorle.com\/index.php\/2025\/03\/03\/matrimoniale-classic-economy\/\" target=\"_self\"  ><img loading=\"lazy\" decoding=\"async\" width=\"1024\" height=\"576\" src=\"https:\/\/hotelminervacaorle.com\/wp-content\/uploads\/2025\/03\/stanza3.jpg\" class=\"attachment-post-thumbnail size-post-thumbnail wp-post-image\" alt=\"Matrimoniale Classic\" style=\"object-fit:cover;\" srcset=\"https:\/\/hotelminervacaorle.com\/wp-content\/uploads\/2025\/03\/stanza3.jpg 1024w, https:\/\/hotelminervacaorle.com\/wp-content\/uploads\/2025\/03\/stanza3-300x169.jpg 300w, https:\/\/hotelminervacaorle.com\/wp-content\/uploads\/2025\/03\/stanza3-768x432.jpg 768w\" sizes=\"auto, (max-width: 1024px) 100vw, 1024px\" \/><\/a><\/figure><\/div>\n\n\n\n<div class=\"wp-block-column is-layout-flow wp-block-column-is-layout-flow\" style=\"flex-basis:33.33%\"><h2 class=\"wp-block-post-title\"><a href=\"https:\/\/hotelminervacaorle.com\/index.php\/2025\/03\/03\/matrimoniale-classic-economy\/\" target=\"_self\" >Matrimoniale Classic<\/a><\/h2>\n\n<div class=\"wp-block-post-excerpt\"><p class=\"wp-block-post-excerpt__excerpt\">Matrimoniale Classic Camera matrimoniale (da 15,00 mq a 16,00 mq) con un letto matrimoniale, bagno di tipo essenziale con doccia, docciaschiuma, asciugacapelli, televisione, telefono, riscaldamento, servizio WIFI, minibar su richiesta, minifrigo in camera, cassaforte elettronica ed aria condizionata indipendente. Posto spiaggia e parcheggio. Servizi Hotel I nostri servizi inclusi Tutto ci\u00f2 di cui hai bisogno,&hellip; <\/p><\/div><\/div>\n<\/div>\n\n<\/li><li class=\"wp-block-post post-90 post type-post status-publish format-standard has-post-thumbnail hentry category-camere\">\n\n<div class=\"wp-block-columns alignwide is-layout-flex wp-container-core-columns-is-layout-28f84493 wp-block-columns-is-layout-flex\">\n<div class=\"wp-block-column is-layout-flow wp-block-column-is-layout-flow\" style=\"flex-basis:66.66%\"><figure class=\"wp-block-post-featured-image\"><a href=\"https:\/\/hotelminervacaorle.com\/index.php\/2025\/03\/03\/family-x5-con-balcone\/\" target=\"_self\"  ><img loading=\"lazy\" decoding=\"async\" width=\"1024\" height=\"576\" src=\"https:\/\/hotelminervacaorle.com\/wp-content\/uploads\/2025\/03\/stanza4.jpg\" class=\"attachment-post-thumbnail size-post-thumbnail wp-post-image\" alt=\"Family x5 con balcone\" style=\"object-fit:cover;\" srcset=\"https:\/\/hotelminervacaorle.com\/wp-content\/uploads\/2025\/03\/stanza4.jpg 1024w, https:\/\/hotelminervacaorle.com\/wp-content\/uploads\/2025\/03\/stanza4-300x169.jpg 300w, https:\/\/hotelminervacaorle.com\/wp-content\/uploads\/2025\/03\/stanza4-768x432.jpg 768w\" sizes=\"auto, (max-width: 1024px) 100vw, 1024px\" \/><\/a><\/figure><\/div>\n\n\n\n<div class=\"wp-block-column is-layout-flow wp-block-column-is-layout-flow\" style=\"flex-basis:33.33%\"><h2 class=\"wp-block-post-title\"><a href=\"https:\/\/hotelminervacaorle.com\/index.php\/2025\/03\/03\/family-x5-con-balcone\/\" target=\"_self\" >Family x5 con balcone<\/a><\/h2>\n\n<div class=\"wp-block-post-excerpt\"><p class=\"wp-block-post-excerpt__excerpt\">Family x5 con balcone Servizi Hotel I nostri servizi inclusi Tutto ci\u00f2 di cui hai bisogno, incluso nel prezzo Colazione inclusa Cane ammesso Spiaggia convenzionata Parcheggio incluso Biciclette incluse Galleria camera <\/p><\/div><\/div>\n<\/div>\n\n<\/li><li class=\"wp-block-post post-86 post type-post status-publish format-standard has-post-thumbnail hentry category-camere\">\n\n<div class=\"wp-block-columns alignwide is-layout-flex wp-container-core-columns-is-layout-28f84493 wp-block-columns-is-layout-flex\">\n<div class=\"wp-block-column is-layout-flow wp-block-column-is-layout-flow\" style=\"flex-basis:66.66%\"><figure class=\"wp-block-post-featured-image\"><a href=\"https:\/\/hotelminervacaorle.com\/index.php\/2025\/03\/03\/family-x4-con-balcone\/\" target=\"_self\"  ><img loading=\"lazy\" decoding=\"async\" width=\"1024\" height=\"576\" src=\"https:\/\/hotelminervacaorle.com\/wp-content\/uploads\/2025\/03\/stanza5.jpg\" class=\"attachment-post-thumbnail size-post-thumbnail wp-post-image\" alt=\"Family x4 con balcone\" style=\"object-fit:cover;\" srcset=\"https:\/\/hotelminervacaorle.com\/wp-content\/uploads\/2025\/03\/stanza5.jpg 1024w, https:\/\/hotelminervacaorle.com\/wp-content\/uploads\/2025\/03\/stanza5-300x169.jpg 300w, https:\/\/hotelminervacaorle.com\/wp-content\/uploads\/2025\/03\/stanza5-768x432.jpg 768w\" sizes=\"auto, (max-width: 1024px) 100vw, 1024px\" \/><\/a><\/figure><\/div>\n\n\n\n<div class=\"wp-block-column is-layout-flow wp-block-column-is-layout-flow\" style=\"flex-basis:33.33%\"><h2 class=\"wp-block-post-title\"><a href=\"https:\/\/hotelminervacaorle.com\/index.php\/2025\/03\/03\/family-x4-con-balcone\/\" target=\"_self\" >Family x4 con balcone<\/a><\/h2>\n\n<div class=\"wp-block-post-excerpt\"><p class=\"wp-block-post-excerpt__excerpt\">Family x4 con balcone Servizi Hotel I nostri servizi inclusi Tutto ci\u00f2 di cui hai bisogno, incluso nel prezzo Colazione inclusa Cane ammesso Spiaggia convenzionata Parcheggio incluso Biciclette incluse Galleria camera <\/p><\/div><\/div>\n<\/div>\n\n<\/li><li class=\"wp-block-post post-83 post type-post status-publish format-standard has-post-thumbnail hentry category-camere\">\n\n<div class=\"wp-block-columns alignwide is-layout-flex wp-container-core-columns-is-layout-28f84493 wp-block-columns-is-layout-flex\">\n<div class=\"wp-block-column is-layout-flow wp-block-column-is-layout-flow\" style=\"flex-basis:66.66%\"><figure class=\"wp-block-post-featured-image\"><a href=\"https:\/\/hotelminervacaorle.com\/index.php\/2025\/03\/03\/tripla-con-balcone-classic\/\" target=\"_self\"  ><img loading=\"lazy\" decoding=\"async\" width=\"1024\" height=\"576\" src=\"https:\/\/hotelminervacaorle.com\/wp-content\/uploads\/2025\/03\/stanza6.jpg\" class=\"attachment-post-thumbnail size-post-thumbnail wp-post-image\" alt=\"Tripla con balcone Classic\" style=\"object-fit:cover;\" srcset=\"https:\/\/hotelminervacaorle.com\/wp-content\/uploads\/2025\/03\/stanza6.jpg 1024w, https:\/\/hotelminervacaorle.com\/wp-content\/uploads\/2025\/03\/stanza6-300x169.jpg 300w, https:\/\/hotelminervacaorle.com\/wp-content\/uploads\/2025\/03\/stanza6-768x432.jpg 768w\" sizes=\"auto, (max-width: 1024px) 100vw, 1024px\" \/><\/a><\/figure><\/div>\n\n\n\n<div class=\"wp-block-column is-layout-flow wp-block-column-is-layout-flow\" style=\"flex-basis:33.33%\"><h2 class=\"wp-block-post-title\"><a href=\"https:\/\/hotelminervacaorle.com\/index.php\/2025\/03\/03\/tripla-con-balcone-classic\/\" target=\"_self\" >Tripla con balcone Classic<\/a><\/h2>\n\n<div class=\"wp-block-post-excerpt\"><p class=\"wp-block-post-excerpt__excerpt\">Tripla con balcone Classic Camera tripla con balconcino (da 15,50 mq a 17,22 mq) con un letto matrimoniale e un letto singolo, bagno con doccia, docciaschiuma, asciugacapelli, televisione, telefono, riscaldamento, servizio WIFI, minibar su richiesta, minifrigo in camera, cassaforte elettronica ed aria condizionata indipendente. Posto spiaggia e parcheggio. Servizi Hotel I nostri servizi inclusi Tutto&hellip; <\/p><\/div><\/div>\n<\/div>\n\n<\/li><li class=\"wp-block-post post-71 post type-post status-publish format-standard has-post-thumbnail hentry category-camere\">\n\n<div class=\"wp-block-columns alignwide is-layout-flex wp-container-core-columns-is-layout-28f84493 wp-block-columns-is-layout-flex\">\n<div class=\"wp-block-column is-layout-flow wp-block-column-is-layout-flow\" style=\"flex-basis:66.66%\"><figure class=\"wp-block-post-featured-image\"><a href=\"https:\/\/hotelminervacaorle.com\/index.php\/2025\/03\/03\/matrimoniale-con-balcone-classic\/\" target=\"_self\"  ><img loading=\"lazy\" decoding=\"async\" width=\"1024\" height=\"576\" src=\"https:\/\/hotelminervacaorle.com\/wp-content\/uploads\/2025\/03\/stanza7.jpg\" class=\"attachment-post-thumbnail size-post-thumbnail wp-post-image\" alt=\"Matrimoniale con balcone Classic\" style=\"object-fit:cover;\" srcset=\"https:\/\/hotelminervacaorle.com\/wp-content\/uploads\/2025\/03\/stanza7.jpg 1024w, https:\/\/hotelminervacaorle.com\/wp-content\/uploads\/2025\/03\/stanza7-300x169.jpg 300w, https:\/\/hotelminervacaorle.com\/wp-content\/uploads\/2025\/03\/stanza7-768x432.jpg 768w\" sizes=\"auto, (max-width: 1024px) 100vw, 1024px\" \/><\/a><\/figure><\/div>\n\n\n\n<div class=\"wp-block-column is-layout-flow wp-block-column-is-layout-flow\" style=\"flex-basis:33.33%\"><h2 class=\"wp-block-post-title\"><a href=\"https:\/\/hotelminervacaorle.com\/index.php\/2025\/03\/03\/matrimoniale-con-balcone-classic\/\" target=\"_self\" >Matrimoniale con balcone Classic<\/a><\/h2>\n\n<div class=\"wp-block-post-excerpt\"><p class=\"wp-block-post-excerpt__excerpt\">Matrimoniale con balcone Classic Camera matrimoniale con terrazzino, (da 15,31 mq a 16,00 mq) con un letto matrimoniale, bagno con doccia, docciaschiuma, asciugacapelli, televisione, telefono, riscaldamento, servizio WIFI, minibar su richiesta, minifrigo in camera, cassaforte elettronica ed aria condizionata indipendente. Posto spiaggia e parcheggio. Servizi Hotel I nostri servizi inclusi Tutto ci\u00f2 di cui hai&hellip; <\/p><\/div><\/div>\n<\/div>\n\n<\/li><\/ul><\/div>\n","protected":false},"excerpt":{"rendered":"<p>Camere da sogno per un riposo rigenerante a Caorle. All&#8217;Hotel Regina, la tua tranquillit\u00e0 \u00e8 la nostra priorit\u00e0. Le nostre camere, ampie e luminose, offrono un&#8217;oasi di comfort e relax. Letti comodi, ambienti curati e tutti i comfort necessari per un soggiorno indimenticabile. Dormi sonni tranquilli e risvegliati ogni mattina sentendoti fresco e riposato, pronto [&hellip;]<\/p>\n","protected":false},"author":1,"featured_media":25,"parent":0,"menu_order":0,"comment_status":"closed","ping_status":"closed","template":"","meta":{"footnotes":""},"class_list":["post-27","page","type-page","status-publish","has-post-thumbnail","hentry"],"blocksy_meta":[],"yoast_head":"<!-- This site is optimized with the Yoast SEO plugin v26.8 - https:\/\/yoast.com\/product\/yoast-seo-wordpress\/ -->\n<title>Camere - Hotel Minerva Caorle<\/title>\n<meta name=\"robots\" content=\"noindex, follow, max-snippet:-1, max-image-preview:large, max-video-preview:-1\" \/>\n<meta property=\"og:locale\" content=\"it_IT\" \/>\n<meta property=\"og:type\" content=\"article\" \/>\n<meta property=\"og:title\" content=\"Camere - Hotel Minerva Caorle\" \/>\n<meta property=\"og:description\" content=\"Camere da sogno per un riposo rigenerante a Caorle. All&#8217;Hotel Regina, la tua tranquillit\u00e0 \u00e8 la nostra priorit\u00e0. Le nostre camere, ampie e luminose, offrono un&#8217;oasi di comfort e relax. Letti comodi, ambienti curati e tutti i comfort necessari per un soggiorno indimenticabile. Dormi sonni tranquilli e risvegliati ogni mattina sentendoti fresco e riposato, pronto [&hellip;]\" \/>\n<meta property=\"og:url\" content=\"https:\/\/hotelminervacaorle.com\/index.php\/camere\/\" \/>\n<meta property=\"og:site_name\" content=\"Hotel Minerva Caorle\" \/>\n<meta property=\"article:modified_time\" content=\"2025-03-11T09:41:20+00:00\" \/>\n<meta property=\"og:image\" content=\"https:\/\/hotelminervacaorle.com\/wp-content\/uploads\/2025\/03\/MPR00263-scaled.jpg\" \/>\n\t<meta property=\"og:image:width\" content=\"2560\" \/>\n\t<meta property=\"og:image:height\" content=\"1707\" \/>\n\t<meta property=\"og:image:type\" content=\"image\/jpeg\" \/>\n<meta name=\"twitter:card\" content=\"summary_large_image\" \/>\n<meta name=\"twitter:label1\" content=\"Tempo di lettura stimato\" \/>\n\t<meta name=\"twitter:data1\" content=\"1 minuto\" \/>\n<script type=\"application\/ld+json\" class=\"yoast-schema-graph\">{\"@context\":\"https:\/\/schema.org\",\"@graph\":[{\"@type\":\"WebPage\",\"@id\":\"https:\/\/hotelminervacaorle.com\/index.php\/camere\/\",\"url\":\"https:\/\/hotelminervacaorle.com\/index.php\/camere\/\",\"name\":\"Camere - Hotel Minerva Caorle\",\"isPartOf\":{\"@id\":\"https:\/\/hotelminervacaorle.com\/#website\"},\"primaryImageOfPage\":{\"@id\":\"https:\/\/hotelminervacaorle.com\/index.php\/camere\/#primaryimage\"},\"image\":{\"@id\":\"https:\/\/hotelminervacaorle.com\/index.php\/camere\/#primaryimage\"},\"thumbnailUrl\":\"https:\/\/hotelminervacaorle.com\/wp-content\/uploads\/2025\/03\/MPR00263-scaled.jpg\",\"datePublished\":\"2025-03-01T11:08:27+00:00\",\"dateModified\":\"2025-03-11T09:41:20+00:00\",\"breadcrumb\":{\"@id\":\"https:\/\/hotelminervacaorle.com\/index.php\/camere\/#breadcrumb\"},\"inLanguage\":\"it-IT\",\"potentialAction\":[{\"@type\":\"ReadAction\",\"target\":[\"https:\/\/hotelminervacaorle.com\/index.php\/camere\/\"]}]},{\"@type\":\"ImageObject\",\"inLanguage\":\"it-IT\",\"@id\":\"https:\/\/hotelminervacaorle.com\/index.php\/camere\/#primaryimage\",\"url\":\"https:\/\/hotelminervacaorle.com\/wp-content\/uploads\/2025\/03\/MPR00263-scaled.jpg\",\"contentUrl\":\"https:\/\/hotelminervacaorle.com\/wp-content\/uploads\/2025\/03\/MPR00263-scaled.jpg\",\"width\":2560,\"height\":1707},{\"@type\":\"BreadcrumbList\",\"@id\":\"https:\/\/hotelminervacaorle.com\/index.php\/camere\/#breadcrumb\",\"itemListElement\":[{\"@type\":\"ListItem\",\"position\":1,\"name\":\"Home\",\"item\":\"https:\/\/hotelminervacaorle.com\/\"},{\"@type\":\"ListItem\",\"position\":2,\"name\":\"Camere\"}]},{\"@type\":\"WebSite\",\"@id\":\"https:\/\/hotelminervacaorle.com\/#website\",\"url\":\"https:\/\/hotelminervacaorle.com\/\",\"name\":\"Hotel Minerva Caorle\",\"description\":\"\",\"publisher\":{\"@id\":\"https:\/\/hotelminervacaorle.com\/#organization\"},\"potentialAction\":[{\"@type\":\"SearchAction\",\"target\":{\"@type\":\"EntryPoint\",\"urlTemplate\":\"https:\/\/hotelminervacaorle.com\/?s={search_term_string}\"},\"query-input\":{\"@type\":\"PropertyValueSpecification\",\"valueRequired\":true,\"valueName\":\"search_term_string\"}}],\"inLanguage\":\"it-IT\"},{\"@type\":\"Organization\",\"@id\":\"https:\/\/hotelminervacaorle.com\/#organization\",\"name\":\"Hotel Minerva Caorle\",\"url\":\"https:\/\/hotelminervacaorle.com\/\",\"logo\":{\"@type\":\"ImageObject\",\"inLanguage\":\"it-IT\",\"@id\":\"https:\/\/hotelminervacaorle.com\/#\/schema\/logo\/image\/\",\"url\":\"https:\/\/hotelminervacaorle.com\/wp-content\/uploads\/2025\/04\/LOGO-HOTEL-MINERVA-e1743510592742.png\",\"contentUrl\":\"https:\/\/hotelminervacaorle.com\/wp-content\/uploads\/2025\/04\/LOGO-HOTEL-MINERVA-e1743510592742.png\",\"width\":1517,\"height\":515,\"caption\":\"Hotel Minerva Caorle\"},\"image\":{\"@id\":\"https:\/\/hotelminervacaorle.com\/#\/schema\/logo\/image\/\"}}]}<\/script>\n<!-- \/ Yoast SEO plugin. -->","yoast_head_json":{"title":"Camere - Hotel Minerva Caorle","robots":{"index":"noindex","follow":"follow","max-snippet":"max-snippet:-1","max-image-preview":"max-image-preview:large","max-video-preview":"max-video-preview:-1"},"og_locale":"it_IT","og_type":"article","og_title":"Camere - Hotel Minerva Caorle","og_description":"Camere da sogno per un riposo rigenerante a Caorle. All&#8217;Hotel Regina, la tua tranquillit\u00e0 \u00e8 la nostra priorit\u00e0. Le nostre camere, ampie e luminose, offrono un&#8217;oasi di comfort e relax. Letti comodi, ambienti curati e tutti i comfort necessari per un soggiorno indimenticabile. Dormi sonni tranquilli e risvegliati ogni mattina sentendoti fresco e riposato, pronto [&hellip;]","og_url":"https:\/\/hotelminervacaorle.com\/index.php\/camere\/","og_site_name":"Hotel Minerva Caorle","article_modified_time":"2025-03-11T09:41:20+00:00","og_image":[{"width":2560,"height":1707,"url":"https:\/\/hotelminervacaorle.com\/wp-content\/uploads\/2025\/03\/MPR00263-scaled.jpg","type":"image\/jpeg"}],"twitter_card":"summary_large_image","twitter_misc":{"Tempo di lettura stimato":"1 minuto"},"schema":{"@context":"https:\/\/schema.org","@graph":[{"@type":"WebPage","@id":"https:\/\/hotelminervacaorle.com\/index.php\/camere\/","url":"https:\/\/hotelminervacaorle.com\/index.php\/camere\/","name":"Camere - Hotel Minerva Caorle","isPartOf":{"@id":"https:\/\/hotelminervacaorle.com\/#website"},"primaryImageOfPage":{"@id":"https:\/\/hotelminervacaorle.com\/index.php\/camere\/#primaryimage"},"image":{"@id":"https:\/\/hotelminervacaorle.com\/index.php\/camere\/#primaryimage"},"thumbnailUrl":"https:\/\/hotelminervacaorle.com\/wp-content\/uploads\/2025\/03\/MPR00263-scaled.jpg","datePublished":"2025-03-01T11:08:27+00:00","dateModified":"2025-03-11T09:41:20+00:00","breadcrumb":{"@id":"https:\/\/hotelminervacaorle.com\/index.php\/camere\/#breadcrumb"},"inLanguage":"it-IT","potentialAction":[{"@type":"ReadAction","target":["https:\/\/hotelminervacaorle.com\/index.php\/camere\/"]}]},{"@type":"ImageObject","inLanguage":"it-IT","@id":"https:\/\/hotelminervacaorle.com\/index.php\/camere\/#primaryimage","url":"https:\/\/hotelminervacaorle.com\/wp-content\/uploads\/2025\/03\/MPR00263-scaled.jpg","contentUrl":"https:\/\/hotelminervacaorle.com\/wp-content\/uploads\/2025\/03\/MPR00263-scaled.jpg","width":2560,"height":1707},{"@type":"BreadcrumbList","@id":"https:\/\/hotelminervacaorle.com\/index.php\/camere\/#breadcrumb","itemListElement":[{"@type":"ListItem","position":1,"name":"Home","item":"https:\/\/hotelminervacaorle.com\/"},{"@type":"ListItem","position":2,"name":"Camere"}]},{"@type":"WebSite","@id":"https:\/\/hotelminervacaorle.com\/#website","url":"https:\/\/hotelminervacaorle.com\/","name":"Hotel Minerva Caorle","description":"","publisher":{"@id":"https:\/\/hotelminervacaorle.com\/#organization"},"potentialAction":[{"@type":"SearchAction","target":{"@type":"EntryPoint","urlTemplate":"https:\/\/hotelminervacaorle.com\/?s={search_term_string}"},"query-input":{"@type":"PropertyValueSpecification","valueRequired":true,"valueName":"search_term_string"}}],"inLanguage":"it-IT"},{"@type":"Organization","@id":"https:\/\/hotelminervacaorle.com\/#organization","name":"Hotel Minerva Caorle","url":"https:\/\/hotelminervacaorle.com\/","logo":{"@type":"ImageObject","inLanguage":"it-IT","@id":"https:\/\/hotelminervacaorle.com\/#\/schema\/logo\/image\/","url":"https:\/\/hotelminervacaorle.com\/wp-content\/uploads\/2025\/04\/LOGO-HOTEL-MINERVA-e1743510592742.png","contentUrl":"https:\/\/hotelminervacaorle.com\/wp-content\/uploads\/2025\/04\/LOGO-HOTEL-MINERVA-e1743510592742.png","width":1517,"height":515,"caption":"Hotel Minerva Caorle"},"image":{"@id":"https:\/\/hotelminervacaorle.com\/#\/schema\/logo\/image\/"}}]}},"_links":{"self":[{"href":"https:\/\/hotelminervacaorle.com\/index.php\/wp-json\/wp\/v2\/pages\/27","targetHints":{"allow":["GET"]}}],"collection":[{"href":"https:\/\/hotelminervacaorle.com\/index.php\/wp-json\/wp\/v2\/pages"}],"about":[{"href":"https:\/\/hotelminervacaorle.com\/index.php\/wp-json\/wp\/v2\/types\/page"}],"author":[{"embeddable":true,"href":"https:\/\/hotelminervacaorle.com\/index.php\/wp-json\/wp\/v2\/users\/1"}],"replies":[{"embeddable":true,"href":"https:\/\/hotelminervacaorle.com\/index.php\/wp-json\/wp\/v2\/comments?post=27"}],"version-history":[{"count":7,"href":"https:\/\/hotelminervacaorle.com\/index.php\/wp-json\/wp\/v2\/pages\/27\/revisions"}],"predecessor-version":[{"id":379,"href":"https:\/\/hotelminervacaorle.com\/index.php\/wp-json\/wp\/v2\/pages\/27\/revisions\/379"}],"wp:featuredmedia":[{"embeddable":true,"href":"https:\/\/hotelminervacaorle.com\/index.php\/wp-json\/wp\/v2\/media\/25"}],"wp:attachment":[{"href":"https:\/\/hotelminervacaorle.com\/index.php\/wp-json\/wp\/v2\/media?parent=27"}],"curies":[{"name":"wp","href":"https:\/\/api.w.org\/{rel}","templated":true}]}}